{"id":28,"date":"2024-02-21T11:26:38","date_gmt":"2024-02-21T10:26:38","guid":{"rendered":"https:\/\/shiatsu-valentine.com\/?page_id=28"},"modified":"2024-02-22T21:26:57","modified_gmt":"2024-02-22T20:26:57","slug":"blog","status":"publish","type":"page","link":"https:\/\/shiatsu-valentine.com\/index.php\/blog\/","title":{"rendered":"Blog"},"content":{"rendered":"\n<div class=\"wp-block-columns is-layout-flex wp-container-core-columns-is-layout-9d6595d7 wp-block-columns-is-layout-flex\">\n<div class=\"wp-block-column is-layout-flow wp-block-column-is-layout-flow\">\n<p class=\"has-small-font-size\"><strong>Indications pour lesquelles les s\u00e9ances de Shiatsu ont fait leurs preuves (liste non exhaustive)<\/strong><\/p>\n\n\n\n<p class=\"has-small-font-size\"><strong>Troubles physiques<\/strong><br>Douleurs physiques chroniques et\/ou aig\u00fces, maux de t\u00eate et migraines, tensions musculaires et nerveuses, douleurs du dos, de la nuque et des \u00e9paules, troubles gastro-intestinaux et digestifs, troubles menstruels, probl\u00e8mes de circulation sanguine et lymphatique.<\/p>\n\n\n\n<p class=\"has-small-font-size\"><strong>Troubles psychiques<\/strong><br>Nervosit\u00e9, troubles du sommeil, \u00e9tats anxieux, fatigue et \u00e9tat d\u2019\u00e9puisement, apathie, dysphorie, troubles alimentaires<\/p>\n\n\n\n<p class=\"has-small-font-size\"><strong>Processus de transformation ou \u00ab&nbsp;grands changements&nbsp;\u00bb<\/strong><br>Pubert\u00e9, m\u00e9nopause, grossesse, accompagnement pr\u00e9 et postnatal, accompagnement des personnes transgenres r\u00e9tablissement post-traumatique<\/p>\n<\/div>\n<\/div>\n","protected":false},"excerpt":{"rendered":"<p>Indications pour lesquelles les s\u00e9ances de Shiatsu ont fait leurs preuves (liste non exhaustive) Troubles physiquesDouleurs physiques chroniques et\/ou aig\u00fces, maux de t\u00eate et migraines, tensions musculaires et nerveuses, douleurs &hellip; <\/p>\n","protected":false},"author":1,"featured_media":0,"parent":0,"menu_order":0,"comment_status":"closed","ping_status":"closed","template":"","meta":{"footnotes":""},"class_list":["post-28","page","type-page","status-publish","hentry"],"_links":{"self":[{"href":"https:\/\/shiatsu-valentine.com\/index.php\/wp-json\/wp\/v2\/pages\/28","targetHints":{"allow":["GET"]}}],"collection":[{"href":"https:\/\/shiatsu-valentine.com\/index.php\/wp-json\/wp\/v2\/pages"}],"about":[{"href":"https:\/\/shiatsu-valentine.com\/index.php\/wp-json\/wp\/v2\/types\/page"}],"author":[{"embeddable":true,"href":"https:\/\/shiatsu-valentine.com\/index.php\/wp-json\/wp\/v2\/users\/1"}],"replies":[{"embeddable":true,"href":"https:\/\/shiatsu-valentine.com\/index.php\/wp-json\/wp\/v2\/comments?post=28"}],"version-history":[{"count":3,"href":"https:\/\/shiatsu-valentine.com\/index.php\/wp-json\/wp\/v2\/pages\/28\/revisions"}],"predecessor-version":[{"id":161,"href":"https:\/\/shiatsu-valentine.com\/index.php\/wp-json\/wp\/v2\/pages\/28\/revisions\/161"}],"wp:attachment":[{"href":"https:\/\/shiatsu-valentine.com\/index.php\/wp-json\/wp\/v2\/media?parent=28"}],"curies":[{"name":"wp","href":"https:\/\/api.w.org\/{rel}","templated":true}]}}